{"id":1563,"date":"2025-12-17T02:16:33","date_gmt":"2025-12-17T01:16:33","guid":{"rendered":"https:\/\/tarikzengin.de\/?page_id=1563"},"modified":"2025-12-17T02:16:33","modified_gmt":"2025-12-17T01:16:33","slug":"datenschutz-namaz-vakti","status":"publish","type":"page","link":"https:\/\/tarikzengin.de\/index.php\/datenschutz-namaz-vakti\/","title":{"rendered":"Datenschutz Namaz Vakti"},"content":{"rendered":"\n<p><strong>Gizlilik Politikas\u0131 (Namaz Vakti Prayer Times)<\/strong><br>Son&nbsp;g\u00fcncelleme:&nbsp;17.12.2025<\/p>\n\n\n\n<p>Bu uygulama, namaz&nbsp;vakitlerini&nbsp;g\u00f6stermek&nbsp;ve baz\u0131&nbsp;\u00f6zellikleri&nbsp;sa\u011flamak&nbsp;i\u00e7in&nbsp;s\u0131n\u0131rl\u0131 verileri&nbsp;kullan\u0131r.<\/p>\n\n\n\n<p><strong>Toplanan Veriler<\/strong><\/p>\n\n\n\n<ul class=\"wp-block-list\">\n<li>Uygulama,\u00a0namaz\u00a0vakitlerini\u00a0almak i\u00e7in\u00a0internet\u00a0ba\u011flant\u0131s\u0131 kullan\u0131r.<\/li>\n\n\n\n<li>Konum izni\u00a0verilirse,\u00a0yaln\u0131zca en\u00a0yak\u0131n\u00a0\u015fehri\u00a0otomatik\u00a0belirlemek\u00a0amac\u0131yla konum\u00a0bilgisi kullan\u0131labilir.\u00a0Konum\u00a0verisi arka\u00a0planda s\u00fcrekli\u00a0olarak\u00a0izlenmez veya\u00a0saklanmaz.<\/li>\n\n\n\n<li>Bildirim\u00a0izni\u00a0verilirse,\u00a0namaz vakitleri\u00a0i\u00e7in\u00a0hat\u0131rlat\u0131c\u0131\u00a0bildirimleri\u00a0g\u00f6nderebilir.<\/li>\n\n\n\n<li>Takvim\u00a0izni verilirse, kullan\u0131c\u0131n\u0131n\u00a0talebiyle namaz vakitleri takvime eklenebilir.<\/li>\n<\/ul>\n\n\n\n<p><strong>Verilerin Payla\u015f\u0131m\u0131<\/strong><\/p>\n\n\n\n<ul class=\"wp-block-list\">\n<li>Uygulama, ki\u015fisel\u00a0verileri \u00fc\u00e7\u00fcnc\u00fc\u00a0taraflarla\u00a0satmaz\u00a0veya\u00a0payla\u015fmaz.<\/li>\n\n\n\n<li>Zorunlu\u00a0durumlar d\u0131\u015f\u0131nda\u00a0(yasal\u00a0y\u00fck\u00fcml\u00fcl\u00fckler)\u00a0veri\u00a0payla\u015f\u0131m\u0131\u00a0yap\u0131lmaz.<\/li>\n<\/ul>\n\n\n\n<p><strong>Saklama<\/strong><\/p>\n\n\n\n<ul class=\"wp-block-list\">\n<li>Uygulama, kullan\u0131c\u0131\u00a0ayarlar\u0131n\u0131 (\u00f6r.\u00a0se\u00e7ilen \u015fehir, tercih\u00a0ayarlar\u0131) cihaz \u00fczerinde\u00a0yerel\u00a0olarak saklayabilir.<\/li>\n<\/ul>\n\n\n\n<p><strong>G\u00fcvenlik<\/strong><\/p>\n\n\n\n<ul class=\"wp-block-list\">\n<li>Verilerinizin g\u00fcvenli\u011fini sa\u011flamak\u00a0i\u00e7in makul\u00a0teknik \u00f6nlemler al\u0131n\u0131r.<\/li>\n<\/ul>\n\n\n\n<p><strong>\u0130leti\u015fim<\/strong>\u00a0Gizlilik\u00a0ile ilgili\u00a0sorular\u0131n\u0131z\u00a0i\u00e7in:<br>E\u2011posta:\u00a0<a href=\"mailto:support@senin-domainin.com\" target=\"_blank\" rel=\"noreferrer noopener\" class=\"\">mail@tarikzengin.de<\/a><\/p>\n\n\n\n<p><\/p>\n","protected":false},"excerpt":{"rendered":"<p>Gizlilik Politikas\u0131 (Namaz Vakti Prayer Times)Son&nbsp;g\u00fcncelleme:&nbsp;17.12.2025 Bu uygulama, namaz&nbsp;vakitlerini&nbsp;g\u00f6stermek&nbsp;ve baz\u0131&nbsp;\u00f6zellikleri&nbsp;sa\u011flamak&nbsp;i\u00e7in&nbsp;s\u0131n\u0131rl\u0131 verileri&nbsp;kullan\u0131r. Toplanan Veriler Verilerin Payla\u015f\u0131m\u0131 Saklama G\u00fcvenlik \u0130leti\u015fim\u00a0Gizlilik\u00a0ile ilgili\u00a0sorular\u0131n\u0131z\u00a0i\u00e7in:E\u2011posta:\u00a0mail@tarikzengin.de<\/p>\n","protected":false},"author":1,"featured_media":0,"parent":0,"menu_order":0,"comment_status":"closed","ping_status":"closed","template":"","meta":{"footnotes":""},"class_list":["post-1563","page","type-page","status-publish","hentry"],"_links":{"self":[{"href":"https:\/\/tarikzengin.de\/index.php\/wp-json\/wp\/v2\/pages\/1563","targetHints":{"allow":["GET"]}}],"collection":[{"href":"https:\/\/tarikzengin.de\/index.php\/wp-json\/wp\/v2\/pages"}],"about":[{"href":"https:\/\/tarikzengin.de\/index.php\/wp-json\/wp\/v2\/types\/page"}],"author":[{"embeddable":true,"href":"https:\/\/tarikzengin.de\/index.php\/wp-json\/wp\/v2\/users\/1"}],"replies":[{"embeddable":true,"href":"https:\/\/tarikzengin.de\/index.php\/wp-json\/wp\/v2\/comments?post=1563"}],"version-history":[{"count":1,"href":"https:\/\/tarikzengin.de\/index.php\/wp-json\/wp\/v2\/pages\/1563\/revisions"}],"predecessor-version":[{"id":1564,"href":"https:\/\/tarikzengin.de\/index.php\/wp-json\/wp\/v2\/pages\/1563\/revisions\/1564"}],"wp:attachment":[{"href":"https:\/\/tarikzengin.de\/index.php\/wp-json\/wp\/v2\/media?parent=1563"}],"curies":[{"name":"wp","href":"https:\/\/api.w.org\/{rel}","templated":true}]}}